18
Let y = -133 - -152. What is the remainder when 53 is divided by y?
15
Suppose c + 2*c + u - 236 = 0, -2*c = -3*u - 172. What is the remainder when c is divided by 14?
10
Let k = -361 - -741. Calculate the remainder when k is divided by 139.
102
Let s = -72 - -103. Suppose -9 + 10 = p. Let a = 9 - p. What is the remainder when s is divided by a?
7
Let t = -152 + 158. What is the remainder when t is divided by 5?
1
Suppose -150 = -z - z - a, -z + 68 = 4*a. Calculate the remainder when z is divided by 26.
24
Suppose -10 = 2*w - 18. Suppose w*u - 101 = g + 40, u + 2*g = 33. Calculate the remainder when u is divided by 20.
15
Calculate the remainder when (-3567)/(-82) + (-2)/(-4) is divided by 14.
2
Calculate the remainder when 517 is divided by (43 - -5) + -1 - -5.
49
What is the remainder when 231 is divided by 1*60 + 1 + 2 + -5?
57
Let q(v) = -348*v - 1. What is the remainder when q(-5) is divided by 12?
11
Suppose -4*b + 251 = -3*s, 2*b - 118 = -0*b + 4*s. What is the remainder when b is divided by 11?
10
Suppose 0 = -4*s - 12, -1348 = -2*a + a - 3*s. What is the remainder when a is divided by 8?
5
Let i be (-60)/(-33) - (-2)/11. Suppose -i*w + 175 = 3*w. Suppose 28 = 4*u - 20. What is the remainder when w is divided by u?
11
Let n = 3 + -3. Suppose n = -5*d - 0 + 5. What is the remainder when 3 is divided by d?
0
Let b(m) = -6*m + 4. Let x be b(-2). Let o = x + -4. What is the remainder when 47 is divided by o?
11
Let g(t) = 27*t + 40*t - 24 - 44*t + 6. What is the remainder when g(4) is divided by 15?
14
Suppose -6*f + 2*f + 1764 = 0. What is the remainder when f is divided by 13?
12
Suppose -44 + 224 = 3*z. Suppose 4*j + 12 - z = 0. Calculate the remainder when ((-1)/(-3))/((-2)/(-138)) is divided by j.
11
Let j(g) = 7*g**2 + 11*g + 3. Let y be j(10). Let i be y/21 + (-2)/(-7). Let o = 60 - i. What is the remainder when 40 is divided by o?
19
Let t(x) = -x**3 + 5*x**2 + 6*x + 5. Suppose 0 = 38*k - 39*k + 6. Calculate the remainder when 12 is divided by t(k).
2
Let z = 27 - 25. What is the remainder when (z/(-8))/((-12)/3408) is divided by 18?
17
Let i = 11 + 722. Calculate the remainder when i is divided by 46.
43
Suppose -4*z + 9 = -i, 4*z + 28 = -2*i + 2*z. Let j = -84 - -78. Let b = j - i. What is the remainder when b is divided by 4?
3
Let c = 2211 + -2196. What is the remainder when 581 is divided by c?
11
Let n(k) = -k - 2 - 3 + 1. Let z(a) = a**2 + 11*a + 3. Let d be z(-9). What is the remainder when 41 is divided by n(d)?
8
Let g = -724 - -876. Suppose -3*y + 37 + 15 = 2*v, -2*y - v + 33 = 0. What is the remainder when g is divided by y?
12
Let h(u) = -15*u**3 + 1 + u**2 + 7*u**3 - 18*u**3 + 0*u + 2*u. Suppose -7*p = -3*p + 4. What is the remainder when h(p) is divided by 14?
12
Let c be 1/(-3 - 76/(-26)). Calculate the remainder when 6 is divided by (-28)/182 - 15/c.
0
Let o(f) = -f**2 - 8*f - 5. Suppose 6*b - b = -4*c, b - 3*c + 19 = 0. What is the remainder when (88/(-4) + -8)/((-6)/4) is divided by o(b)?
9
Let i(f) = 6*f - 82. Calculate the remainder when 158 is divided by i(17).
18
Let a be (18/(-12))/(3/(-130)). Let q = 131 - a. What is the remainder when q is divided by 34?
32
Let s(q) = q**2 + 16*q - 21. Let x be s(8). Suppose -52 = 167*r - x*r. Let h = -35 - -85. What is the remainder when h is divided by r?
11
Let x(m) = -m**3 - 21*m**2 - m + 1. Calculate the remainder when 40 is divided by x(-21).
18
Suppose -4*d + 7 = -197. Calculate the remainder when 203 is divided by d.
50
Let l = -403 - -665. What is the remainder when l is divided by 24?
22
Suppose -76*j - 16348 = -198*j. What is the remainder when j is divided by 35?
29
What is the remainder when 80 is divided by (-528)/(-10) + (-10)/(-50)?
27
Suppose -4*h - d = 36, h = -d - 2*d - 9. Let c = h + 6. Let i(q) = -q**3 - 2*q**2 - 4*q - 4. Calculate the remainder when i(c) is divided by 9.
8
Suppose 0 = m + 2*k - 120, 4*k - 9 = -3*m + 355. Suppose 3*o - 56 = -2. What is the remainder when m is divided by o?
16
Let d = 1270 - 1224. What is the remainder when d is divided by 19?
8
Suppose 4*u - 2 = 14. Calculate the remainder when 61 is divided by u - (5 + (-13 - 4)).
13
Let s = 241 + -136. What is the remainder when s is divided by 36?
33
Let q(g) = -g**3 - 61*g**2 - 63*g - 147. Calculate the remainder when 1880 is divided by q(-60).
32
Suppose 0 = -s - 5*y - 8, -y + 0*y - 32 = 4*s. Let w = -21 + 38. Let m = w + s. What is the remainder when 42 is divided by m?
6
Let p(z) = -3*z**3 - z**2 + 2*z + 2. Let n be p(-2). Suppose n = f - 0. What is the remainder when 0 + 70 + 1 + 0/5 is divided by f?
17
Let c = -1224 - -1619. Calculate the remainder when c is divided by 100.
95
Let w = 7 + -12. Calculate the remainder when (-4)/(-10) - 213/w is divided by 12 + (-9)/2*14/(-21).
13
Let l = 22 - 11. Let d(y) = y**3 + 9*y**2 + 12*y - 12. Let t be d(-7). Suppose -71 = -t*h + l. Calculate the remainder when h is divided by 14.
13
Suppose -11*x = 29 - 2658. What is the remainder when x is divided by 5?
4
Let v(f) = 5*f**2 + f - 13. Let k be v(4). Let b = 31 + k. What is the remainder when b is divided by 35?
32
Let q(k) = k**3 - 7*k**2 + 10. Let n be q(7). Suppose 0 = 9*b - 37 - 71. What is the remainder when 129 is divided by (b/n)/((-2)/(-55))?
30
Let m = -2754 + 2769. Suppose 222 = -2*j + 5*j. What is the remainder when j is divided by m?
14
Suppose -2*u + f = -31, f - 14 - 7 = -2*u. What is the remainder when u/39 + 136/6 is divided by 10?
3
Let u(z) = -9*z + 4. What is the remainder when u(-2) is divided by -24*-5*3/45?
6
Let p = 240 - 166. Let q(f) = f**2 + 7*f - 1. What is the remainder when p is divided by q(3)?
16
What is the remainder when 382/14 - (-12)/(-42) is divided by (-12)/9*363/(-22)?
5
Suppose 288 = 16*d + 2*d. What is the remainder when 4/6 - (-3192)/72 is divided by d?
13
Suppose 39*u - 36*u - 4*f - 530 = 0, -4*f = -4. Calculate the remainder when u is divided by 45.
43
Suppose 3*o + 3 = 0, 0*u - 4*o - 21 = -u. Calculate the remainder when 1288 is divided by u.
13
Suppose 4*p - 6*p + 280 = 0. Suppose -3*l + 5*t - 40 = -153, 4*l - 4*t - p = 0. What is the remainder when l is divided by 12?
7
Let j = 32 + -30. Suppose -u - 2 = -j*u. Calculate the remainder when 51 is divided by 582/30 + u/(-5).
13
Suppose -20*c - 72 = -17*c. Let i = -11 + -31. Let s = c - i. Calculate the remainder when 34 is divided by s.
16
Let x(u) = u**3 - 2*u**2 - 2*u + 2. Let p be x(2). Let s be -1*(-1)/p*-12. What is the remainder when 47 is divided by (-80)/s*(-36)/30?
15
Calculate the remainder when (-5)/(-10) + 575/10 is divided by 22.
14
Let s(c) = -384*c**2 + 16*c - 1. Let n(o) = 77*o**2 - 3*o. Let g(x) = 11*n(x) + 2*s(x). Calculate the remainder when g(-1) is divided by 10.
8
Suppose -p + 80 = -c - 0*c, -20 = 5*c. Suppose -10*a + 12*a = p. What is the remainder when a is divided by 15?
8
Suppose -5*g = -50 + 10. Suppose -3*z + 8 = -4. Suppose y - z*y = -87. Calculate the remainder when y is divided by g.
5
Let i be (-10)/(-15) - (-88)/(-6). Let v = -8 - i. Calculate the remainder when 21 + (-1 - -15) + -7 is divided by v.
4
Let z be 6 + 4/(-12)*0. Let q be (-52)/(-12) + z/9. Suppose q*t + 25 = 0, 4*r = r + 4*t + 116. Calculate the remainder when 61 is divided by r.
29
Let j be 39/(-6) + (-4)/(-8). Let g(h) = h**3 + 7*h**2 - h + 4. Let f = 37 + -21. What is the remainder when g(j) is divided by f?
14
Suppose -4*f + 0*y + 38 = 3*y, 5*f + 2*y = 44. Suppose j - 3*s = 28, -j = -s + f - 30. Calculate the remainder when 35 is divided by j.
16
Let f = -35 - -42. Let k = 26 + -15. Suppose 2*g - f = k. What is the remainder when g is divided by 6?
3
Let k(z) = -2*z + 5. Let q(x) = x**3 - 19*x**2 - 20*x + 8. What is the remainder when k(-4) is divided by q(20)?
5
Let a(q) = -q**2 + 25*q + 16. What is the remainder when 158/6 + 2/(-6) is divided by a(25)?
10
Let m(v) = -6*v**2 - 42*v + 9. What is the remainder when 52 is divided by m(-7)?
7
Let d be ((-2)/(-6))/(2/(-6)). Let f be (10/35)/(d/(-14)). Suppose -v - 3*v + 148 = f*t, 0 = -t - 5*v + 53. Calculate the remainder when t is divided by 12.
9
Suppose 9*t - 4*t = 255. Let x = 7784 - 7764. Calculate the remainder when t is divided by x.
11
Let m(n) = -2*n**3 - n**2 + 4*n - 6. Let v be m(-4). Suppose -15*w = -18*w + v. What is the remainde